 186659?
False
Does 90 divide 1433219?
False
Does 332 divide 1612192?
True
Is 10 a factor of 95220?
True
Is 361488 a multiple of 136?
True
Is 78 a factor of 2297490?
True
Is 68 a factor of 46308?
True
Does 147 divide 52920?
True
Is 684 a factor of 460431?
False
Is 173 a factor of 1576549?
True
Is 30368 a multiple of 168?
False
Is 165697 a multiple of 60?
False
Is 826791 a multiple of 15?
False
Does 19 divide 791293?
True
Does 123 divide 3964413?
True
Is 4 a factor of 540635?
False
Is 644 a factor of 2352602?
False
Does 162 divide 2476322?
False
Does 31 divide 2697?
True
Is 582759 a multiple of 2?
False
Does 20 divide 9361320?
True
Does 820 divide 2387020?
True
Does 301 divide 1093232?
True
Is 139 a factor of 551139?
False
Does 861 divide 2686996?
False
Does 57 divide 60050?
False
Does 10 divide 2338298?
False
Is 161 a factor of 118818?
True
Is 37 a factor of 269989?
True
Does 513 divide 113094?
False
Is 528848 a multiple of 8?
True
Is 21 a factor of 32411?
False
Is 8 a factor of 912352?
True
Is 83162 a multiple of 305?
False
Does 66 divide 676170?
True
Does 83 divide 341360?
False
Is 667 a factor of 602581?
False
Does 189 divide 2012405?
False
Is 78707 a multiple of 15?
False
Is 882 a factor of 524790?
True
Is 701 a factor of 610724?
False
Does 201 divide 2068236?
False
Does 129 divide 183051?
True
Does 34 divide 1496?
True
Is 130 a factor of 1349554?
False
Is 7122930 a multiple of 42?
False
Does 17 divide 585580?
False
Does 175 divide 382339?
False
Does 1105 divide 2092870?
True
Is 156 a factor of 4437108?
True
Is 68 a factor of 5451867?
False
Is 129736 a multiple of 74?
False
Is 924 a multiple of 10?
False
Is 724061 a multiple of 85?
False
Does 133 divide 182210?
True
Is 151921 a multiple of 195?
False
Does 216 divide 17395344?
True
Is 202 a factor of 188264?
True
Does 708 divide 2154444?
True
Does 165 divide 524185?
False
Does 31 divide 51491?
True
Does 24 divide 361577?
False
Is 6244850 a multiple of 25?
True
Is 17 a factor of 13515?
True
Is 5768335 a multiple of 565?
False
Does 151 divide 502067?
False
Is 1583482 a multiple of 34?
True
Is 624 a factor of 94848?
True
Is 694500 a multiple of 21?
False
Does 37 divide 6252903?
False
Is 12591 a multiple of 124?
False
Is 265824 a multiple of 24?
True
Does 15 divide 346712?
False
Does 65 divide 299477?
False
Does 211 divide 14765780?
True
Does 38 divide 217018?
True
Does 17 divide 15325773?
False
Is 7 a factor of 77679?
True
Does 185 divide 1219563?
False
Is 2951949 a multiple of 5?
False
Is 408 a factor of 2169336?
True
Is 7671057 a multiple of 28?
False
Is 185 a factor of 233157?
False
Is 28 a factor of 66390?
False
Does 20 divide 1080?
True
Does 178 divide 2756285?
False
Is 50 a factor of 47546?
False
Does 61 divide 1095772?
False
Is 8473143 a multiple of 23?
False
Does 360 divide 582685?
False
Does 73 divide 2709657?
False
Is 345006 a multiple of 79?
False
Is 214904 a multiple of 10?
False
Does 59 divide 1005124?
True
Is 590472 a multiple of 24?
True
Is 3973567 a multiple of 469?
False
Is 171 a factor of 216657?
True
Does 151 divide 1312893?
False
Does 1004 divide 1876476?
True
Does 10 divide 4315610?
True
Is 11521 a multiple of 5?
False
Is 8 a factor of 15578090?
False
Is 274169 a multiple of 21?
False
Is 123 a factor of 3951498?
True
Is 16600 a multiple of 375?
False
Does 22 divide 1005446?
False
Is 536090 a multiple of 72?
False
Is 351553 even?
False
Is 691220 a multiple of 323?
True
Does 25 divide 3187425?
True
Is 11977095 a multiple of 20?
False
Is 11 a factor of 19624?
True
Does 928 divide 15515232?
True
Does 33 divide 113619?
True
Is 15 a factor of 4472430?
True
Is 103941 a multiple of 75?
False
Is 17 a factor of 623047?
False
Is 6 a factor of 33666?
True
Does 11 divide 40496?
False
Is 577766 a multiple of 63?
False
Is 227738 a multiple of 10?
False
Is 19986345 a multiple of 56?
False
Does 87 divide 157572?
False
Is 5 a factor of 9461?
False
Is 172354 a multiple of 14?
True
Is 613044 a multiple of 36?
True
Is 6438976 a multiple of 49?
False
Is 2028963 a multiple of 719?
False
Is 278 a factor of 29615035?
False
Is 837329 a multiple of 4?
False
Is 568117 a multiple of 481?
False
Does 832 divide 1753024?
True
Is 10 a factor of 151927?
False
Does 11 divide 2418383?
True
Does 82 divide 9582990?
False
Does 396 divide 227636?
False
Is 49 a factor of 57392?
False
Is 44327 even?
False
Is 884280 a multiple of 120?
True
Is 47 a factor of 2361864?
False
Does 253 divide 1736845?
True
Does 61 divide 8600319?
False
Is 359370 a multiple of 110?
True
Is 115 a factor of 65113?
False
Is 53792 a multiple of 82?
True
Is 587616 a multiple of 32?
True
Does 92 divide 2615576?
False
Is 36 a factor of 23406931?
False
Is 6277500 a multiple of 8?
False
Does 487 divide 6616141?
False
Does 9 divide 70281?
True
Is 7859510 a multiple of 850?
False
Is 2360 a multiple of 5?
True
Is 153 a factor of 1180242?
True
Is 22 a factor of 1079936?
True
Is 16 a factor of 1398884?
False
Does 14 divide 10345718?
False
Does 30 divide 4003341?
False
Is 1030218 a multiple of 6?
True
Is 362010 a multiple of 180?
False
Does 3 divide 2358?
True
Is 51 a factor of 104811?
False
Does 64 divide 209728?
True
Does 112 divide 28769552?
True
Is 32 a factor of 11776?
True
Does 373 divide 13765835?
False
Does 695 divide 1031222?
False
Does 89 divide 626089?
False
Does 3 divide 279?
True
Is 40299 a multiple of 57?
True
Is 20 a factor of 258220?
True
Does 32 divide 931232?
True
Is 20 a factor of 187906?
False
Does 15 divide 340454?
False
Does 486 divide 1761171?
False
Is 5496706 a multiple of 16?
False
Is 141 a factor of 768964?
False
Does 13 divide 491026?
False
Does 100 divide 749549?
False
Is 1496293 a multiple of 655?
False
Is 275620 a multiple of 20?
True
Is 16643568 a multiple of 538?
True
Does 21 divide 427063?
False
Is 13 a factor of 9262983?
False
Is 6717398 a multiple of 19?
False
Does 103 divide 4292725?
False
Is 22 a factor of 233714?
False
Is 1059476 a multiple of 22?
True
Is 317 a factor of 310548?
False
Is 306 a factor of 1317024?
True
Is 171 a factor of 1635102?
True
Does 50 divide 451700?
True
Is 5142831 a multiple of 87?
True
Is 1130664 a multiple of 8?
True
Is 264002 a multiple of 213?
False
Does 4 divide 565253?
False
Is 1945044 a multiple of 18?
True
Does 5 divide 312765?
True
Is 8992337 a multiple of 155?
False
Is 3172308 a multiple of 711?
False
Is 168112 a multiple of 76?
True
Does 245 divide 26460?
True
Does 417 divide 471627?
True
Is 1389465 a multiple of 923?
False
Is 10 a factor of 6142360?
True
Is 1965416 a multiple of 22?
False
Does 633 divide 192399?
False
Is 578837 a multiple of 30?
False
Does 5 divide 444210?
True
Does 15 divide 407550?
True
Is 5798 even?
True
Does 7 divide 379658?
False
Does 214 divide 30388?
True
Does 198 divide 119039?
False
Is 72 a factor of 3670743?
False
Is 1002762 a multiple of 51?
True
Is 6921748 a multiple of 107?
False
Is 1425386 a multiple of 10?
False
Is 11 a factor of 197780?
True
Is 1592704 a multiple of 368?
True
Is 141 a factor of 1153946?
False
Is 15 a factor of 226289?
False
Is 21 a factor of 353454?
False
Is 76330 a multiple of 85?
True
Is 118258 a multiple of 14?
True
Does 28 divide 173936?
True
Is 57687 a multiple of 41?
True
Is 40 a factor of 731240?
True
Does 29 divide 62692?
False
Is 18198 a multiple of 27?
True
Does 97 divide 31656?
False
Is 1401750 a multiple of 350?
True
Is 303905 a multiple of 665?
True
Is 308 a factor of 674312?
False
Does 349 divide 463472?
True
Is 8834 a multiple of 7?
True
Is 19 a factor of 717003?
True
Is 17 a factor of 237252?
True
Is 43 a factor of 4791394?
False
Is 94 a factor of 12434434?
False
Is 25289 a multiple of 7?
False
Does 9 divide 274140?
True
Is 41909 a multiple of 26?
False
Is 518228 a multiple of 34?
True
Is 317333 a multiple of 14?
False
Does 15 divide 9070?
False
Is 438886 a multiple of 14?
True
Does 326 divide 9944153?
False
Does 20 divide 64651?
False
Is 352005 a multiple of 31?
True
Is 3302760 a multiple of 68?
True
Does 423 divide 753483?
False
Is 109 a factor of 744089?
False
Is 11990 a multiple of 2?
True
Does 5 divide 136543?
False
Is 12 a factor of 972188?
False
Is 1274599 a multiple of 523?
False
Does 321 divide 18827?
False
Is 1115937 a multiple of 117?
False
Does 12 divide 226091?
False
Does 20 divide 44424?
False
Do